 u(5).
-3
Suppose 5*j = -21 - 14. Let m(c) = -c - 7. What is m(j)?
0
Let w(f) = 6*f + 7. Let p(n) = 5*n + 6. Let l(q) = 3*p(q) - 2*w(q). Give l(-3).
-5
Let v(k) = k**2 + k - 2. Let c be 6/10 + 2/5. Let j be -3*(-1)/1*c. Suppose -x + 0*x = 4*i + 16, 2*i - j*x - 6 = 0. What is v(i)?
4
Let u(o) be the first derivative of -o**3/3 + o**2 + 3*o - 22. Calculate u(-2).
-5
Let p(s) = -12*s - 4. Let o(w) = 3*w + 1. Let i(a) = -9*o(a) - 2*p(a). Suppose 26 = 3*q - 16. Suppose 5 = -d - 4*h - q, 4*d = 2*h + 14. What is i(d)?
-4
Let p(h) = 18*h + 1. Let m = 158 + -159. What is p(m)?
-17
Let d(r) = -9*r**3 - 2*r**2 + 2*r - 1. Let o(w) = w**2 + 6*w + 6. Let p be o(-5). What is d(p)?
-10
Let y(a) = -3*a**2 - 3*a + 7. Let r(p) = 16*p**2 + 16*p - 36. Let s(f) = -2*r(f) - 11*y(f). Give s(0).
-5
Let g(r) = 21*r**2 - 19*r - 9. Let b(j) = 10*j**2 - 9*j - 4. Let q(l) = -13*b(l) + 6*g(l). Determine q(2).
-12
Let u(z) = -12*z**2 - 2*z + 4*z + 10*z**2 + 2. What is u(-2)?
-10
Suppose 20*n - 4 = 18*n. Let s(h) be the first derivative of -5/3*h**3 + 2*h**2 - 2 - n*h + 1/4*h**4. What is s(3)?
-8
Let q be 8/(-12) + (-2)/(-3). Let r = q - 3. Let y be -2*(-1)/(-2)*r. Let a(t) = -t + 2. Determine a(y).
-1
Let m(q) = -q**3 + q**2 - 6. Suppose b - 5*j = -20, 3*b + 2 = -4*j + 18. Suppose -g - 6*g = b. Determine m(g).
-6
Let n(k) = -k**3 + k**2 - 1. Let g(u) be the second derivative of u**4/4 - u**3/6 - 2*u. Let r be g(1). Let h = -2 + r. Give n(h).
-1
Suppose -2*t + 6*t - 9 = 5*d, 5*t + d = 33. Let h be t/(-2 + 0) - 2. Let y(q) = 4*q**2 + 33*q**3 + 41*q**3 - 1 - 73*q**3 - 5*q. Give y(h).
-1
Let z(g) = 6*g**2 - 2*g + 1. Let r be (1/1)/(5/(-45)). Let u be 6/r + (-15)/(-9). Calculate z(u).
5
Let l = 1 - 3. Suppose 5*x + 7 = 22. Let j(z) = x + z - 7 + 2 + 2*z**2. Give j(l).
4
Let d be (-12)/(-18) + (-8)/(-6). Suppose -n + d - 3 = 0. Let j(r) = -r**3 + r**2 - 1. Give j(n).
1
Let j(g) = g**3 + 14*g**2 + 14*g + 14. Let k be j(-13). Let r(q) = -3*q**3 - 2*q**2 + 2*q - 1. What is r(k)?
-4
Let w(p) be the first derivative of 3*p**2/2 + 4*p + 2. Calculate w(5).
19
Let l = -4 - -5. Let v(d) = -12*d**3 - d**2 + 2*d - 1. What is v(l)?
-12
Let h(a) = 15*a**2 + 7*a - 5. Let m(v) be the third derivative of -2*v**5/15 - v**4/6 + v**3/2 - 2*v**2. Let q(j) = -3*h(j) - 5*m(j). Give q(1).
-6
Let k(p) = -p**2 + 6*p + 2. Let i be k(5). Let m(b) = b - 2 + 5 - i. Calculate m(4).
0
Let b be 1 + -2 + 8 + (-8 - -3). Let y(z) = -2*z + 3. Determine y(b).
-1
Let p(o) = -o**3 - o + 3. Let m(k) = -5*k**3 + 2*k**2 + k. Let f be m(-1). Suppose -5*z - f = 4, 0 = 5*d + 3*z - 14. Suppose -3*u + d*u = 0. What is p(u)?
3
Suppose -2*z - 30 = 3*z + t, -4*t - 20 = 0. Let l(a) be the third derivative of a**4/24 + 5*a**3/6 - 2*a**2. Calculate l(z).
0
Suppose 0*d + 2*d = 42. Let k be (-2)/7 + (-15)/d. Let u(w) = 3*w**2 - w - 6. Let r(b) = -3*b**2 + b + 5. Let o(t) = -6*r(t) - 5*u(t). Give o(k).
4
Let i(x) be the first derivative of x**2 - 6*x - 31. Let q(m) = -3*m - 3. Let z be q(-3). Determine i(z).
6
Suppose -1 = -2*i + 9. Let m(u) be the first derivative of -3*u**2 - 6*u + 2 - 1/4*u**4 + 2*u**3. Give m(i).
-11
Let l(k) = -k**3 + 5*k**2 - 6*k. Let q(p) = -p**3 - 3*p**2 - 2*p - 2. Let w be q(-4). Suppose 72 - w = -5*u. Let b = -6 - u. Determine l(b).
-8
Let j(n) = -n**2 + 5. Let p(x) = x**2 + 5*x. Suppose 14 = -3*c - 1. Let a be p(c). What is j(a)?
5
Let a be 55/(-22)*24/(-10). Let q(m) = -3*m**2 + 6 - 4*m - 2*m**2 + 4*m**2 + 8*m. What is q(a)?
-6
Let p(u) = -u**2 + 4*u + 2. Suppose -13 = -5*s + 7. Calculate p(s).
2
Let n(v) = v**2 + 9*v + 6. Let c(s) = s**3 + 7*s**2 + 6*s - 7. Let q be c(-6). Calculate n(q).
-8
Let a(n) = 3*n + 4. Suppose -4*y = 2*c + 22, -y - 2*c = 2*y + 18. Determine a(y).
-8
Let s(k) = -6*k**2 + 3*k - 2. Let q(z) = 4*z + 3*z**2 - 15*z**2 + 5*z**2 + 0*z - 3. Let d(y) = -5*q(y) + 6*s(y). Determine d(-3).
0
Let v(h) be the first derivative of -h**4/4 + 7*h**3/3 - 3*h**2 + h + 3. Determine v(6).
1
Let b(r) = -2*r. Let s be 2/(-8)*3/(3/(-4)). Calculate b(s).
-2
Suppose 0*v + 4*x = -v + 2, 0 = 5*x - 5. Let c be (-6)/5*(v - 3). Suppose -2*q - c = 3*a, -4*a - 6*q - 8 = -4*q. Let d(u) = -u**2 - u + 2. Calculate d(a).
0
Let v(y) be the third derivative of y**5/120 + y**4/24 - y**3/3 - y**2. Let x(n) be the first derivative of v(n). Give x(-7).
-6
Let y(c) = 5*c**2. Let v = -19 + 18. Calculate y(v).
5
Let l(w) be the second derivative of -w**4/4 + w**3/3 + w**2/2 - 5*w. Let t be (-1)/(-1 - -2*1). Calculate l(t).
-4
Let k(g) be the first derivative of 7*g**5/120 + 2*g**3 + 3. Let b(u) be the third derivative of k(u). Calculate b(1).
7
Let p be (2 + 1)/(-3) - -6. Let n(l) = l**2 - 4*l + 6. Let w(i) = 14*i - 5*i**2 + 5*i - 30 + i. Let z(t) = -11*n(t) - 2*w(t). Determine z(p).
-11
Let r(p) = p**2 + p. Let t(u) = -2*u**2. Let d(l) = -3*r(l) - t(l). Suppose m + 2 = -1. Give d(m).
0
Let f(v) = 2*v**2 + 0*v**3 - 5*v**2 - 2 + 2*v + 4*v**3 - 2*v**3. Suppose -4*b + 36 = -b. Suppose -5*u - 2*q = -14, u - b = -7*q + 2*q. Determine f(u).
6
Let y(n) be the third derivative of n**5/60 - n**4/8 - n**3/6 + n**2. Let q = -31 + 19. Let j = -8 - q. Determine y(j).
3
Let n be (10/3)/(6/(-9)). Let b = 2 + n. Let s(o) be the third derivative of o**6/120 + o**5/15 + o**4/6 - o**3/6 - o**2. Give s(b).
-4
Let l = -60 - -54. Let x(c) = -c + 1. Determine x(l).
7
Let a(i) = 2 - 3*i + 4 + 2*i - 4 + 6*i**2 - i**3. Calculate a(6).
-4
Suppose -25 = 3*r + 5*s, -5*r + 2*s = -2*s - 20. Let o(k) = -k**2 + k - 6. Calculate o(r).
-6
Let f(k) = -k - 4. Let h be 14/3 + 4/(-6). Suppose -3*q = j + 4, 3*q - 8 + 24 = -h*j. Give f(j).
0
Let g be 36/(-21)*(-3 - -10). Let c(f) = -f**3 - 13*f**2 - 11*f + 9. Calculate c(g).
-3
Let j(x) = -x**2 + 4*x - 4. Suppose -q - 6 = 2*q. Let o be -2 + 5/q*-2. Suppose -3 = 2*u - o*u. Calculate j(u).
-1
Let n(w) = -7*w**2 + 9*w + 5. Let l(o) = -2*o**2 + o + 1. Let q(j) = -3*l(j) + n(j). Give q(6).
2
Let q(i) = -i**2 - 4*i + 7. Let h(t) = -t**2 - 5*t + 6. Let j(m) = -3*h(m) + 4*q(m). What is j(0)?
10
Let s(d) = 2*d**3 - 4*d**2 - 2*d + 3. Let n(f) = -10*f**3 + 21*f**2 + 10*f - 16. Let a(r) = 2*n(r) + 11*s(r). Determine a(2).
5
Let n(x) = 3*x. Suppose 0*s = -5*s - 40. Let v = s + 15. Suppose q - 4*y - 18 = 0, -4*q - 3*y = -6*y - v. Give n(q).
-6
Suppose -5*x + x - 4 = 0. Let l(b) be the second derivative of 7*b**6/720 - b**5/120 + b**4/2 - 4*b. Let g(m) be the third derivative of l(m). What is g(x)?
-8
Let o(d) be the third derivative of d**4/24 - d**3/6 + 2*d**2. Calculate o(-3).
-4
Suppose 3*z + 3 = -3. Let w = 4 + z. Let a(i) = -5*i**3 + 2*i + 5. Let p(f) = f**3 - 1. Let l(r) = -a(r) - 4*p(r). Determine l(w).
3
Let o be 8/(-6)*-3*1. Suppose 0 = -5*j + 5, 21 = r + o*r + j. Let c(k) = 1 - 3 + 2*k - 1. Calculate c(r).
5
Let l(m) = -m. Let q = -7 + 12. Suppose -v - 3 = q*c + 21, 4 = 4*c - 5*v. Determine l(c).
4
Let f(w) be the third derivative of 2*w**7/315 - w**6/360 + w**5/120 - w**4/12 - 7*w**2. Let d(k) be the second derivative of f(k). What is d(1)?
15
Let d(n) = n**3 + 7*n**2 + 6*n - 5. Let s be d(-5). Suppose 4*q - q + 2*b = -1, -5*q + 5*b + s = 0. Let a(x) = -2*x**3 - x. Give a(q).
-3
Let j(b) = -6 + 7 + 13*b**2 + 0 + 12*b + 5 + b**3. Let k be j(-12). Let v(o) = o**2 + 3 - 2 - 1 - 5*o. What is v(k)?
6
Suppose 4*t = -7 + 31. Let w(p) = -p**2 + 6*p + 4. Determine w(t).
4
Let p be 4/(-10) + (-85)/(-25). Suppose 0 = -2*y + 4*m, -5*m + 8 = 3*y - 3. Let i(x) = -7*x**2 - 5 + x**3 + 1 + 5*x + 3*x**y. Calculate i(p).
2
Suppose 0 = 2*n - 2*x, -x + 0*x = -3*n. Let b(h) = -3*h**3 - 2*h**3 + n + 0 - 1 + h**2. What is b(-1)?
5
Let w(m) = 2*m**2 - 1. Let i(z) = -3*z - 3. Let h(k) = 6*k + 3 - 1 + 5. Let f(g) = -4*h(g) - 9*i(g). Let r be f(1). Give w(r).
7
Let a(c) = c**2 - 5*c + 1. Suppose 0*h - 6 = -h. Let r = h + -3. Determine a(r).
-5
Let i(h) = -4*h + 4. Let c(t) = -t**3 + 13*t**2 + 15*t - 10. Let l be c(14). What is i(l)?
-12
Suppose 4*z = 2*z - 14. Let x(u) = -u**3 - 6*u**2 + 9*u + 10. Calculate x(z).
-4
Let p(w) = -4*w**2 - w - 2. Let d(j) = -5*j**2 - 1. Let l(b) = 3*d(b) - 4*p(b). Let v be (-20)/(-6)*(0 + (-18)/12). What is l(v)?
10
Let o(v) = 2 - v + 4*v - 3. Let i(z) = -z**3 + 10*z**2 - z + 9. Let l be i(10). Give o(l).
-4
Let l(o) = o. Let t(q) = -13*q + 1. Let y(k) = -l(k) + t(k). What is y(1)?
-13
Let t = -6 - -12. Let s = t